 common factor of f and a.
15
Let n(j) = 35*j**3 - 4*j**2 - j + 3. Let y be n(1). What is the highest common factor of y and 429?
33
Let u = 60 + 18. Let h = -135 + u. Let j = -15 - h. Calculate the greatest common divisor of 6 and j.
6
Let y be (-42)/(-7) - 8 - -36. What is the highest common factor of 187 and y?
17
Let w = -586 - -622. Calculate the highest common factor of 84 and w.
12
Suppose 2*g + 0*g = 16. Let p(v) = -v**2 + 12*v - 5. Let r be p(g). Calculate the greatest common factor of r and 9.
9
Let r be (-1208)/(-6) + (-306)/27 + 10. Calculate the greatest common factor of r and 160.
40
Let r = 1 - -9. Suppose 0 = -5*k + 3 + 2. Let p = 11 - k. Calculate the highest common factor of p and r.
10
Suppose 3*r - 3*k - 666 = 0, k + 1 + 0 = 0. Suppose -u = z - 56, 5*z - z = -3*u + r. Let f = z + -37. Calculate the greatest common divisor of 112 and f.
16
Suppose 4*t + 21 = -39. Let f = 33 - t. Calculate the highest common divisor of 16 and f.
16
Let p be -165 + (1 - (3 - 1)). Let l = -1 - 89. Let h = l - p. What is the greatest common factor of 19 and h?
19
Let n(x) = 2*x**2 - 8*x + 45. Let v be n(9). Calculate the highest common factor of v and 240.
15
Let n(i) = -27*i**3 - 4*i**2 - 2*i + 3. Let c be n(-2). Suppose -c = 3*g + 5*p - 928, -5*p = 2*g - 479. What is the greatest common factor of g and 22?
22
Let p be ((-1)/(-2))/(1/(-2)). Let m = 658 + -609. Let d = m + p. Calculate the highest common divisor of 6 and d.
6
Let s = 5 + 3. Suppose -3*u - 4*d = 0, 0*u = -4*u + 2*d - 22. Let a be (270/(-65) - u) + (-1566)/(-39). What is the highest common divisor of s and a?
8
Let v = 7 + 1. Let x = 24 - v. Suppose 216 + 69 = 2*d + 3*w, 4*d - 4*w = 580. Calculate the highest common divisor of x and d.
16
Let g = -1 + 5. Suppose -9 = -g*q - 1. What is the highest common divisor of q and 6?
2
Suppose -50 + 386 = 4*t. Suppose -4*o + l - 12 = -3*l, 5*o = 3*l - 7. Suppose 0 = -q + 11 + o. What is the greatest common factor of q and t?
12
Suppose 2*t - 79 = -23. Let g(a) = a**3 - 5*a**2 + 3*a - 5. Let y be g(4). Let w = y + 13. Calculate the greatest common divisor of t and w.
4
Suppose 12*h - 224 = -152. Let n(g) = -10*g. Let k be n(-3). Calculate the highest common divisor of k and h.
6
Let t be (-2)/(-6)*-58*-3. Let y = 30279 - 30277. Calculate the greatest common factor of t and y.
2
Let y(r) = 7*r**2 - 24*r - 20. Let q(h) = -10*h**2 + 36*h + 30. Let u(a) = -5*q(a) - 7*y(a). Let t be u(15). Calculate the highest common divisor of t and 35.
35
Let y = -16 + 19. Suppose -y*f = u - 6*u - 104, -5*u = 5. Let d = -11 + 22. What is the greatest common divisor of f and d?
11
Let r(i) = i**3 - 12*i**2 + 11*i - 10. Let x be r(11). Let b = 3 - x. Calculate the highest common divisor of b and 91.
13
Let q(z) = 15 + 256*z - 255*z - 4. Let a be q(14). Calculate the greatest common divisor of 10 and a.
5
Suppose 5*a + 7 = 27. Suppose -3*q = q + a. Let l be (0 - q)/((-3)/(-21)). What is the highest common factor of 1 and l?
1
Let d(v) = 22*v**2 - 12*v - 214. Let y be d(13). What is the greatest common divisor of 108 and y?
108
Let q = -105 - -165. Suppose 5*f + y = -y + q, 4*f + 3*y - 48 = 0. Suppose -121*l + 240 = -61*l. What is the highest common factor of l and f?
4
Let s be (-10)/(-60) + (-4047)/(-18). Calculate the greatest common divisor of 125 and s.
25
Let w be (-12 + -2)/(-1)*-1. Let m(i) = -i + 3*i - i - 4*i. Let u be m(w). What is the highest common factor of u and 105?
21
Let k = 1130 - 1121. Calculate the highest common divisor of 1377 and k.
9
Let n(t) = 5*t**2 - 35*t - 11. Let a(r) = -2*r**2 + 17*r + 6. Let d(c) = 7*a(c) + 3*n(c). Let m be d(-15). What is the highest common factor of 3 and m?
3
Let j be ((-1 - 0) + 4)*-1. Let s be 285/38 - j/(-2). What is the highest common factor of s and 24?
6
Suppose 0 = h + h - 5*r - 608, h + 2*r = 313. Suppose b = -b + 6. Suppose 6 + h = b*c. Calculate the highest common factor of 21 and c.
21
Suppose 0 = 3*f + o - 4580, 0 = -3*f - 6*o + 10*o + 4570. What is the highest common divisor of f and 14?
14
Suppose 683 = 2*h - 481. What is the highest common factor of 6 and h?
6
Suppose -8*s + 2 = -46. What is the greatest common divisor of s and 6?
6
Let p(c) = c**2 + c + 2. Let n(m) = -m**2 + 5*m + 3. Let f be n(6). Let b be p(f). Suppose q = -q + b. Calculate the highest common factor of q and 4.
4
Suppose -27*z + 690 = -4*z. Calculate the greatest common divisor of 510 and z.
30
Suppose -8*w + 1492 = 5*x - 11*w, -3*x + 901 = 4*w. What is the greatest common factor of x and 69?
23
Suppose 0 = 177*u - 188*u + 3234. Calculate the highest common divisor of u and 18.
6
Let a(f) = 2*f**2 - 21*f - 31. Let p be a(13). What is the highest common divisor of p and 153?
17
Suppose 2562 = 5*p + c, 3*p - 8*p + 2577 = -4*c. Let w = 721 - p. What is the highest common factor of 26 and w?
26
Let y(o) = -o**2 + 15*o - 22. Let f be y(8). What is the greatest common factor of 16 and f?
2
Let p(g) = 133*g - 9. Let c be p(1). Calculate the highest common divisor of c and 31.
31
Let w(z) = -2*z - 1. Suppose 4*d = -0*d - 12. Let k be w(d). What is the highest common factor of 1 and k?
1
Suppose -2*s - 3 = q, 4 + 3 = 3*q - 2*s. Let c = -11 - -19. What is the highest common factor of c and q?
1
Let t(u) = -u**3 + 9*u**2 - 3*u + 10. Let d be t(4). What is the highest common divisor of 351 and d?
39
Suppose 3*z + 8 = 4*h + 3, h + 2*z - 4 = 0. Let s = 5 - h. Let t be 93*((-30)/(-9) - s). What is the highest common factor of 155 and t?
31
Suppose i = 5*i - 3*p, -4*i = -4*p. Suppose i*q - 2*t + 1090 = -4*q, 3*t = 15. Let v be (-3 - q)/3 + 1. Calculate the highest common divisor of v and 18.
18
Let c(w) = -116*w - 5. Let q be c(-1). Calculate the greatest common factor of q and 555.
111
Suppose 4*n = -4*q + 128, 5*q + 4*n = 51 + 109. Let v = 142 - 64. Let w = -30 + v. Calculate the highest common factor of q and w.
16
Let r = 735 + -697. Calculate the highest common divisor of r and 1216.
38
Suppose -22*m = -27*m + 10. What is the highest common divisor of 4 and m?
2
Suppose 0 = -0*f - 4*f + 336. Let t(j) = 6*j + 20. Let l be t(6). What is the highest common factor of f and l?
28
Suppose 118 = 5*m + 3*q, 4*m + 19 - 114 = -3*q. Calculate the highest common factor of 299 and m.
23
Let a be ((-44)/(-3))/(19/114). Suppose 3*w - 69 = -j, 3*j + 19 = 3*w - 38. Calculate the highest common divisor of w and a.
22
Let i = -18 - -16. Let p(h) = 3*h**2 - 2*h + 1. Let y be p(i). Calculate the greatest common factor of 17 and y.
17
Suppose -1 - 2 = -3*y. Let o be 7*(y - -2)*(-36)/(-21). Calculate the highest common factor of 12 and o.
12
Suppose 5*s = -4*x - x, 0 = s + 5*x. Let r be ((-917)/7)/(-1) + (s - 1). Calculate the greatest common factor of 26 and r.
26
Suppose -3*n - 5*h = -17, h = 5*n + 6*h - 45. Let m be (30 - 0) + (-7)/n*4. What is the highest common divisor of 4 and m?
4
Let f(o) = 20*o**3 + 3*o**2 + 2*o - 8. Let u be f(2). Calculate the highest common factor of u and 147.
21
Let v(r) = 3*r + 4. Let i be v(-1). Let c be ((-12)/i)/(20/(-280)). Calculate the greatest common factor of 21 and c.
21
Suppose 516*t - 518*t + 200 = 0. Calculate the greatest common divisor of 275 and t.
25
Suppose -152*s + 1484 = -138*s. What is the greatest common divisor of 2862 and s?
106
Suppose 0*d = 2*d - 8, -4*p - 68 = 5*d. Let c = p + 54. What is the greatest common factor of c and 16?
16
Let h be (-1760)/(-12)*(2 + 4/(-8)). What is the highest common factor of h and 396?
44
Suppose r + 4619 = 4*h, -38*h - 4*r + 5800 = -33*h. Calculate the greatest common divisor of h and 68.
68
Let i(b) be the third derivative of b**4/12 + 4*b**3/3 + 9*b**2. Let g be i(0). Calculate the greatest common factor of g and 8.
8
Suppose -v = -3*v + 6. Suppose -8*p + v*p + 10 = 0. Let g be p + (-3 - -3) + 14. What is the highest common factor of g and 64?
16
Let r(x) = -2*x + 43. Let a be r(-43). Calculate the highest common divisor of 43 and a.
43
Suppose -9 = 3*g - 3. Let m be 10 + -11 + (-578)/g. What is the highest common factor of 36 and m?
36
Suppose -5*k + 3*v = -15, -9 = 3*v + 6. Suppose k = -8*h - 0*h + 384. Let q be -9*-3*4/18. Calculate the highest common divisor of h and q.
6
Suppose 0 = 4*h - 3*l - 1, -3*l = -5*l + 10. Calculate the greatest common factor of 628 and h.